mber?
True
Is 23707 a composite number?
True
Is 99319 a prime number?
False
Is 151591 prime?
False
Is 1262 a composite number?
True
Is 30631 a prime number?
True
Is 53855 a composite number?
True
Is 9977 prime?
False
Is 1178833 a composite number?
False
Is 2317 composite?
True
Is 4409 a composite number?
False
Is 92135 a prime number?
False
Is 549203 prime?
True
Is 212929 prime?
False
Is 2287 composite?
False
Is 25895 composite?
True
Is 11311 composite?
False
Is 74593 prime?
False
Is 109073 a composite number?
False
Is 51449 composite?
False
Is 300085 a composite number?
True
Is 871337 composite?
False
Is 1656517 prime?
True
Is 46829 a prime number?
True
Is 21167 composite?
True
Is 210139 composite?
False
Is 2849831 composite?
False
Is 415379 composite?
False
Is 39439 a prime number?
True
Is 107981 a composite number?
False
Is 140473 composite?
False
Is 103769 composite?
False
Is 49307 a composite number?
False
Is 285049 a prime number?
True
Is 33058 a prime number?
False
Is 165619 prime?
False
Is 1828721 a prime number?
False
Is 425471 a prime number?
True
Is 31829 a prime number?
False
Is 10007 prime?
True
Is 1166903 composite?
False
Is 8039 composite?
False
Is 19707 prime?
False
Is 103469 a composite number?
True
Is 3863 a prime number?
True
Is 629 a composite number?
True
Is 142529 prime?
True
Is 136159 prime?
False
Is 36229 prime?
True
Is 14846839 a composite number?
True
Is 103507 a composite number?
True
Is 5847 a prime number?
False
Is 642647 a prime number?
False
Is 75913 a composite number?
False
Is 4385 composite?
True
Is 23893 a composite number?
False
Is 2819 prime?
True
Is 101293 composite?
False
Is 75967 composite?
False
Is 17377 a composite number?
False
Is 25867 composite?
False
Is 24757 composite?
True
Is 64243 composite?
True
Is 25057 a prime number?
True
Is 9511 a composite number?
False
Is 321743 a prime number?
True
Is 414949 prime?
True
Is 107441 composite?
False
Is 382579 composite?
False
Is 10717 a prime number?
False
Is 4123583 a composite number?
False
Is 12799 prime?
True
Is 14371 composite?
True
Is 48647 prime?
True
Is 5219 composite?
True
Is 446971 composite?
True
Is 18359 a prime number?
False
Is 97285 a composite number?
True
Is 2323 prime?
False
Is 37421 a composite number?
True
Is 14785 composite?
True
Is 46073 composite?
False
Is 7183 a prime number?
False
Is 199159 a composite number?
True
Is 79669 composite?
False
Is 663371 composite?
False
Is 45179 a composite number?
False
Is 628169 a composite number?
True
Is 3644411 a composite number?
False
Is 601127 a prime number?
True
Is 1175927 prime?
True
Is 64667 a prime number?
True
Is 228197 a composite number?
False
Is 14879 prime?
True
Is 343763 composite?
True
Is 25937 a composite number?
True
Is 31522 composite?
True
Is 2339197 composite?
True
Is 380363 a composite number?
False
Is 64473 prime?
False
Is 42061 a composite number?
False
Is 40253 a prime number?
True
Is 4751 a prime number?
True
Is 1156421 a prime number?
False
Is 57779 a composite number?
True
Is 97391 a prime number?
False
Is 32777 composite?
True
Is 121897 a composite number?
True
Is 649113 a prime number?
False
Is 7022 a composite number?
True
Is 715909 prime?
True
Is 4421 a prime number?
True
Is 48017 a composite number?
False
Is 144817 a prime number?
True
Is 1365889 a composite number?
True
Is 2371 a prime number?
True
Is 152179 a prime number?
False
Is 610409 prime?
True
Is 25367 a composite number?
False
Is 943 composite?
True
Is 371897 a composite number?
False
Is 23711 a prime number?
False
Is 37441 a prime number?
True
Is 666799 prime?
False
Is 132179 a prime number?
False
Is 3223 prime?
False
Is 7255 a composite number?
True
Is 107297 a composite number?
True
Is 7063 a composite number?
True
Is 13291 a prime number?
True
Is 48437 prime?
True
Is 2153 a composite number?
False
Is 230647 prime?
True
Is 87167 prime?
False
Is 199105 a composite number?
True
Is 3511 composite?
False
Is 366161 prime?
True
Is 339943 prime?
True
Is 43541 a prime number?
True
Is 3967 composite?
False
Is 19541 a composite number?
False
Is 120643 a prime number?
False
Is 234847 a composite number?
False
Is 3505 prime?
False
Is 8461 composite?
False
Is 142657 composite?
False
Is 26131 prime?
False
Is 6289 prime?
False
Is 33253 a prime number?
False
Is 223 a composite number?
False
Is 59197 composite?
False
Is 12599 prime?
False
Is 683 prime?
True
Is 327463 composite?
False
Is 29663 composite?
False
Is 23417 a composite number?
False
Is 7115 prime?
False
Is 1757185 a prime number?
False
Is 69949 a prime number?
False
Is 154361 composite?
True
Is 5306419 a composite number?
False
Is 32087 prime?
False
Is 5737 composite?
False
Is 8095 prime?
False
Is 44351 a prime number?
True
Is 13942 composite?
True
Is 232003 a composite number?
False
Is 37837 a prime number?
False
Is 1244591 a composite number?
False
Is 228485 prime?
False
Is 18607 prime?
False
Is 67307 a prime number?
True
Is 233683 prime?
True
Is 131443 prime?
False
Is 38539 composite?
True
Is 415307 composite?
True
Is 211 composite?
False
Is 57457 a composite number?
False
Is 7401 a composite number?
True
Is 2631 composite?
True
Is 13901 a prime number?
True
Is 20681 a prime number?
True
Is 510481 a prime number?
True
Is 42467 a prime number?
True
Is 236653 composite?
False
Is 10643 a composite number?
True
Is 13443 a composite number?
True
Is 457967 prime?
False
Is 160427 prime?
False
Is 255499 composite?
False
Is 44146 a prime number?
False
Is 655 a prime number?
False
Is 33398 prime?
False
Is 127207 a composite number?
False
Is 1654921 composite?
False
Is 3629 composite?
True
Is 103561 composite?
False
Is 405781 a prime number?
True
Is 3190853 a prime number?
True
Is 1128689 a composite number?
True
Is 455467 a composite number?
True
Is 456509 composite?
True
Is 127 composite?
False
Is 31351 prime?
False
Is 5683 a prime number?
True
Is 3353 a prime number?
False
Is 24667 composite?
True
Is 664882 composite?
True
Is 87491 a prime number?
True
Is 43041 a prime number?
False
Is 397373 composite?
False
Is 17453 a prime number?
False
Is 31937 a composite number?
True
Is 245501 prime?
True
Is 34507 a composite number?
True
Is 235661 a prime number?
True
Is 229259 composite?
True
Is 160723 a composite number?
False
Is 7219 a composite number?
False
Is 171267 composite?
True
Is 3137399 a prime number?
True
Is 7117 a prime number?
False
Is 40927 a composite number?
False
Is 445 composite?
True
Is 2581 prime?
False
Is 7241 composite?
True
Is 5314 a prime number?
False
Is 110401 a prime number?
False
Is 5791 a composite number?
False
Is 30029 composite?
False
Is 299419 composite?
False
Is 729929 a prime number?
False
Is 2897087 a prime number?
True
Is 2831 composite?
True
Is 5953 composite?
False
Is 62749 a prime number?
False
Is 16622 composite?
True
Is 32773 composite?
True
Is 50291 composite?
False
Is 10771 composite?
False
Is 8321 composite?
True
Is 16273 a prime number?
True
Is 25163 a prime number?
True
Is 88169 prime?
True
Is 366023 composite?
True
Is 138493 composite?
False
Is 450239 a composite number?
False
Is 41113 a composite number?
False
Is 6449 a prime number?
True
Is 1498799 composite?
False
Is 36973 a composite number?
False
Is 3907 a prime number?
True
Is 5261 a prime number?
True
Is 30867 a prime number?
False
Is 44839 a prime number?
True
Is 510529 composite?
False
Is 485517 a prime number?
False
Is 1531 a composite number?
False
Is 52453 a prime number?
True
Is 33791 composite?
False
Is 3090491 composite?
False
Is 42239 prime?
True
Is 524333 prime?
False
Is 13441 prime?
True
Is 161 composite?
True
Is 127201 composite?
True
Is 1033817 a composite number?
True
Is 6287 a composite number?
False
Is 28211 prime?
True
Is 237659 prime?
False
Is 15427 a prime number?
True
Is 703531 a composite number?
False
Is 1937 composite?
True
Is 128859 a prime number?
False
Is 2051817 prime?
False
Is 47491 a prime number?
True
Is 6779 a prime number?
True
Is 76403 a composite number?
False
Is 165611 prime?
True
Is 68893 composite?
True
Is 52361 a composite number?
False
Is 1111063 composite?
True
Is 444833 prime?
True
Is 319673 prime?
True
Is 5921 a composite number?
True
Is 2965 a prime number?
False
Is 574907 a composite number?
False
Is 4135831 a prime num